{"id":532,"date":"2020-07-12T12:18:50","date_gmt":"2020-07-12T11:18:50","guid":{"rendered":"http:\/\/www.gunner.es\/Mil\/wp-content\/uploads\/2020\/07\/Fokker-DR1-CV.jpeg"},"modified":"2020-07-12T12:20:39","modified_gmt":"2020-07-12T11:20:39","slug":"fokker-dr1-cv","status":"inherit","type":"attachment","link":"https:\/\/www.gunner.es\/Mil\/index.php\/2020\/07\/12\/de-maquinas-y-museos\/fokker-dr1-cv\/#main","title":{"rendered":"Fokker DR-1."},"author":2,"featured_media":0,"comment_status":"open","ping_status":"closed","template":"","meta":[],"class_list":["post-532","attachment","type-attachment","status-inherit","hentry"],"description":{"rendered":"<p class=\"attachment\"><a href='https:\/\/www.gunner.es\/Mil\/wp-content\/uploads\/2020\/07\/Fokker-DR1-CV-scaled.jpeg'><img loading=\"lazy\" decoding=\"async\" width=\"300\" height=\"144\" src=\"https:\/\/www.gunner.es\/Mil\/wp-content\/uploads\/2020\/07\/Fokker-DR1-CV-300x144.jpeg\" class=\"attachment-medium size-medium\" alt=\"\" srcset=\"https:\/\/www.gunner.es\/Mil\/wp-content\/uploads\/2020\/07\/Fokker-DR1-CV-300x144.jpeg 300w, https:\/\/www.gunner.es\/Mil\/wp-content\/uploads\/2020\/07\/Fokker-DR1-CV-1024x492.jpeg 1024w, https:\/\/www.gunner.es\/Mil\/wp-content\/uploads\/2020\/07\/Fokker-DR1-CV-768x369.jpeg 768w, https:\/\/www.gunner.es\/Mil\/wp-content\/uploads\/2020\/07\/Fokker-DR1-CV-1536x738.jpeg 1536w, https:\/\/www.gunner.es\/Mil\/wp-content\/uploads\/2020\/07\/Fokker-DR1-CV-2048x985.jpeg 2048w\" sizes=\"auto, (max-width: 300px) 100vw, 300px\" \/><\/a><\/p>\n<p>Una reconstrucci\u00f3n del avi\u00f3n del avi\u00f3n del famoso As de la primera guerra mundial Manfred Von Richtofen, el \u201cBar\u00f3n Rojo\u201d. Leyenda de un pasado que sent\u00f3 las bases del combate a\u00e9reo.<\/p>\n"},"caption":{"rendered":"<p>Fokker DR-1.<\/p>\n"},"alt_text":"","media_type":"image","mime_type":"image\/jpeg","media_details":{"width":2560,"height":1231,"file":"2020\/07\/Fokker-DR1-CV-scaled.jpeg","sizes":{"medium":{"file":"Fokker-DR1-CV-300x144.jpeg","width":300,"height":144,"mime_type":"image\/jpeg","source_url":"https:\/\/www.gunner.es\/Mil\/wp-content\/uploads\/2020\/07\/Fokker-DR1-CV-300x144.jpeg"},"large":{"file":"Fokker-DR1-CV-1024x492.jpeg","width":1024,"height":492,"mime_type":"image\/jpeg","source_url":"https:\/\/www.gunner.es\/Mil\/wp-content\/uploads\/2020\/07\/Fokker-DR1-CV-1024x492.jpeg"},"thumbnail":{"file":"Fokker-DR1-CV-150x150.jpeg","width":150,"height":150,"mime_type":"image\/jpeg","source_url":"https:\/\/www.gunner.es\/Mil\/wp-content\/uploads\/2020\/07\/Fokker-DR1-CV-150x150.jpeg"},"medium_large":{"file":"Fokker-DR1-CV-768x369.jpeg","width":768,"height":369,"mime_type":"image\/jpeg","source_url":"https:\/\/www.gunner.es\/Mil\/wp-content\/uploads\/2020\/07\/Fokker-DR1-CV-768x369.jpeg"},"1536x1536":{"file":"Fokker-DR1-CV-1536x738.jpeg","width":1536,"height":738,"mime_type":"image\/jpeg","source_url":"https:\/\/www.gunner.es\/Mil\/wp-content\/uploads\/2020\/07\/Fokker-DR1-CV-1536x738.jpeg"},"2048x2048":{"file":"Fokker-DR1-CV-2048x985.jpeg","width":2048,"height":985,"mime_type":"image\/jpeg","source_url":"https:\/\/www.gunner.es\/Mil\/wp-content\/uploads\/2020\/07\/Fokker-DR1-CV-2048x985.jpeg"},"sc-testimonial":{"file":"Fokker-DR1-CV-53x53.jpeg","width":53,"height":53,"mime_type":"image\/jpeg","source_url":"https:\/\/www.gunner.es\/Mil\/wp-content\/uploads\/2020\/07\/Fokker-DR1-CV-53x53.jpeg"},"column1-1\/2":{"file":"Fokker-DR1-CV-1140x570.jpeg","width":1140,"height":570,"mime_type":"image\/jpeg","source_url":"https:\/\/www.gunner.es\/Mil\/wp-content\/uploads\/2020\/07\/Fokker-DR1-CV-1140x570.jpeg"},"column1-1\/3":{"file":"Fokker-DR1-CV-1140x380.jpeg","width":1140,"height":380,"mime_type":"image\/jpeg","source_url":"https:\/\/www.gunner.es\/Mil\/wp-content\/uploads\/2020\/07\/Fokker-DR1-CV-1140x380.jpeg"},"column1-1\/4":{"file":"Fokker-DR1-CV-1140x285.jpeg","width":1140,"height":285,"mime_type":"image\/jpeg","source_url":"https:\/\/www.gunner.es\/Mil\/wp-content\/uploads\/2020\/07\/Fokker-DR1-CV-1140x285.jpeg"},"column1-2\/5":{"file":"Fokker-DR1-CV-1140x456.jpeg","width":1140,"height":456,"mime_type":"image\/jpeg","source_url":"https:\/\/www.gunner.es\/Mil\/wp-content\/uploads\/2020\/07\/Fokker-DR1-CV-1140x456.jpeg"},"column2-1\/1":{"file":"Fokker-DR1-CV-570x570.jpeg","width":570,"height":570,"mime_type":"image\/jpeg","source_url":"https:\/\/www.gunner.es\/Mil\/wp-content\/uploads\/2020\/07\/Fokker-DR1-CV-570x570.jpeg"},"column2-1\/4":{"file":"Fokker-DR1-CV-570x142.jpeg","width":570,"height":142,"mime_type":"image\/jpeg","source_url":"https:\/\/www.gunner.es\/Mil\/wp-content\/uploads\/2020\/07\/Fokker-DR1-CV-570x142.jpeg"},"column2-1\/2":{"file":"Fokker-DR1-CV-570x285.jpeg","width":570,"height":285,"mime_type":"image\/jpeg","source_url":"https:\/\/www.gunner.es\/Mil\/wp-content\/uploads\/2020\/07\/Fokker-DR1-CV-570x285.jpeg"},"column2-2\/3":{"file":"Fokker-DR1-CV-570x380.jpeg","width":570,"height":380,"mime_type":"image\/jpeg","source_url":"https:\/\/www.gunner.es\/Mil\/wp-content\/uploads\/2020\/07\/Fokker-DR1-CV-570x380.jpeg"},"column2-3\/5":{"file":"Fokker-DR1-CV-570x342.jpeg","width":570,"height":342,"mime_type":"image\/jpeg","source_url":"https:\/\/www.gunner.es\/Mil\/wp-content\/uploads\/2020\/07\/Fokker-DR1-CV-570x342.jpeg"},"column3-1\/1":{"file":"Fokker-DR1-CV-380x380.jpeg","width":380,"height":380,"mime_type":"image\/jpeg","source_url":"https:\/\/www.gunner.es\/Mil\/wp-content\/uploads\/2020\/07\/Fokker-DR1-CV-380x380.jpeg"},"column3-1\/3":{"file":"Fokker-DR1-CV-380x127.jpeg","width":380,"height":127,"mime_type":"image\/jpeg","source_url":"https:\/\/www.gunner.es\/Mil\/wp-content\/uploads\/2020\/07\/Fokker-DR1-CV-380x127.jpeg"},"column3-2\/5":{"file":"Fokker-DR1-CV-380x152.jpeg","width":380,"height":152,"mime_type":"image\/jpeg","source_url":"https:\/\/www.gunner.es\/Mil\/wp-content\/uploads\/2020\/07\/Fokker-DR1-CV-380x152.jpeg"},"column3-2\/3":{"file":"Fokker-DR1-CV-380x254.jpeg","width":380,"height":254,"mime_type":"image\/jpeg","source_url":"https:\/\/www.gunner.es\/Mil\/wp-content\/uploads\/2020\/07\/Fokker-DR1-CV-380x254.jpeg"},"column3-3\/4":{"file":"Fokker-DR1-CV-380x285.jpeg","width":380,"height":285,"mime_type":"image\/jpeg","source_url":"https:\/\/www.gunner.es\/Mil\/wp-content\/uploads\/2020\/07\/Fokker-DR1-CV-380x285.jpeg"},"column4-1\/1":{"file":"Fokker-DR1-CV-285x285.jpeg","width":285,"height":285,"mime_type":"image\/jpeg","source_url":"https:\/\/www.gunner.es\/Mil\/wp-content\/uploads\/2020\/07\/Fokker-DR1-CV-285x285.jpeg"},"column4-2\/3":{"file":"Fokker-DR1-CV-285x190.jpeg","width":285,"height":190,"mime_type":"image\/jpeg","source_url":"https:\/\/www.gunner.es\/Mil\/wp-content\/uploads\/2020\/07\/Fokker-DR1-CV-285x190.jpeg"},"column4-3\/4":{"file":"Fokker-DR1-CV-285x214.jpeg","width":285,"height":214,"mime_type":"image\/jpeg","source_url":"https:\/\/www.gunner.es\/Mil\/wp-content\/uploads\/2020\/07\/Fokker-DR1-CV-285x214.jpeg"},"sow-carousel-default":{"file":"Fokker-DR1-CV-272x182.jpeg","width":272,"height":182,"mime_type":"image\/jpeg","source_url":"https:\/\/www.gunner.es\/Mil\/wp-content\/uploads\/2020\/07\/Fokker-DR1-CV-272x182.jpeg"},"full":{"file":"Fokker-DR1-CV-scaled.jpeg","width":2560,"height":1231,"mime_type":"image\/jpeg","source_url":"https:\/\/www.gunner.es\/Mil\/wp-content\/uploads\/2020\/07\/Fokker-DR1-CV-scaled.jpeg"}},"image_meta":{"aperture":"0","credit":"","camera":"","caption":"","created_timestamp":"0","copyright":"","focal_length":"0","iso":"0","shutter_speed":"0","title":"","orientation":"0","keywords":[]},"original_image":"Fokker-DR1-CV.jpeg"},"post":489,"source_url":"https:\/\/www.gunner.es\/Mil\/wp-content\/uploads\/2020\/07\/Fokker-DR1-CV-scaled.jpeg","_links":{"self":[{"href":"https:\/\/www.gunner.es\/Mil\/index.php\/wp-json\/wp\/v2\/media\/532","targetHints":{"allow":["GET"]}}],"collection":[{"href":"https:\/\/www.gunner.es\/Mil\/index.php\/wp-json\/wp\/v2\/media"}],"about":[{"href":"https:\/\/www.gunner.es\/Mil\/index.php\/wp-json\/wp\/v2\/types\/attachment"}],"author":[{"embeddable":true,"href":"https:\/\/www.gunner.es\/Mil\/index.php\/wp-json\/wp\/v2\/users\/2"}],"replies":[{"embeddable":true,"href":"https:\/\/www.gunner.es\/Mil\/index.php\/wp-json\/wp\/v2\/comments?post=532"}],"wp:attached-to":[{"embeddable":true,"post_type":"post","id":489,"href":"https:\/\/www.gunner.es\/Mil\/index.php\/wp-json\/wp\/v2\/posts\/489"}],"curies":[{"name":"wp","href":"https:\/\/api.w.org\/{rel}","templated":true}]}}

<p class="attachment"><a href='https://www.gunner.es/Mil/wp-content/uploads/2020/07/Fokker-DR1-CV-scaled.jpeg'><img loading="lazy" decoding="async" width="300" height="144" src="https://www.gunner.es/Mil/wp-content/uploads/2020/07/Fokker-DR1-CV-300x144.jpeg" class="attachment-medium size-medium" alt="" srcset="https://www.gunner.es/Mil/wp-content/uploads/2020/07/Fokker-DR1-CV-300x144.jpeg 300w, https://www.gunner.es/Mil/wp-content/uploads/2020/07/Fokker-DR1-CV-1024x492.jpeg 1024w, https://www.gunner.es/Mil/wp-content/uploads/2020/07/Fokker-DR1-CV-768x369.jpeg 768w, https://www.gunner.es/Mil/wp-content/uploads/2020/07/Fokker-DR1-CV-1536x738.jpeg 1536w, https://www.gunner.es/Mil/wp-content/uploads/2020/07/Fokker-DR1-CV-2048x985.jpeg 2048w" sizes="auto, (max-width: 300px) 100vw, 300px" /></a></p>
<p>Una reconstrucción del avión del avión del famoso As de la primera guerra mundial Manfred Von Richtofen, el “Barón Rojo”. Leyenda de un pasado que sentó las bases del combate aéreo.</p>
